{"id":16524,"date":"2021-06-23T16:16:36","date_gmt":"2021-06-23T16:16:36","guid":{"rendered":"https:\/\/server.idssoft.net\/idsdemo\/producto\/smartwatch-junior-igo-jw-100-negro-forever\/"},"modified":"2021-06-23T16:16:36","modified_gmt":"2021-06-23T16:16:36","slug":"smartwatch-junior-igo-jw-100-negro-forever","status":"publish","type":"product","link":"https:\/\/server.idssoft.net\/idsdemo\/producto\/smartwatch-junior-igo-jw-100-negro-forever\/","title":{"rendered":"SMARTWATCH JUNIOR IGO JW-100 NEGRO FOREVER"},"content":{"rendered":"<p>&#8211; Pantalla tactil TFT 1.3&#034; 240x240px<br \/>&#8211; Bluetooth 4.2<br \/>&#8211; Sensores: aceler\u00f3metro, monitor card\u00edaco<br \/>&#8211; IP68, permiten contacto con el agua. <br \/>&#8211; Dimensiones: 36x36x10mm<br \/>&#8211; Peso: 28gr<br \/>&#8211; Bater\u00eda: 160mAh, hasta 7 d\u00edas de aut<\/p>\n","protected":false},"excerpt":{"rendered":"<p>&#8211; Pantalla tactil TFT 1.3&#034; 240x240px&#8211; Bluetooth 4.2&#8211; Sensores: aceler\u00f3metro, monitor card\u00edaco&#8211; IP68, permiten contacto con el agua. &#8211; Dimensiones: 36x36x10mm&#8211; Peso: 28gr&#8211; Bater\u00eda: 160mAh, hasta 7 d\u00edas de aut<\/p>\n","protected":false},"featured_media":16522,"comment_status":"open","ping_status":"closed","template":"","meta":[],"product_cat":[492],"product_tag":[],"class_list":["post-16524","product","type-product","status-publish","has-post-thumbnail","hentry","product_cat-smartwatch-pulseras","thunk-woo-product-list","opn-qv-enable","top-store-woo-hover-","top-store-single-product-tab-horizontal","top-store-shadow-","top-store-shadow-hover-"],"_links":{"self":[{"href":"https:\/\/server.idssoft.net\/idsdemo\/wp-json\/wp\/v2\/product\/16524","targetHints":{"allow":["GET"]}}],"collection":[{"href":"https:\/\/server.idssoft.net\/idsdemo\/wp-json\/wp\/v2\/product"}],"about":[{"href":"https:\/\/server.idssoft.net\/idsdemo\/wp-json\/wp\/v2\/types\/product"}],"replies":[{"embeddable":true,"href":"https:\/\/server.idssoft.net\/idsdemo\/wp-json\/wp\/v2\/comments?post=16524"}],"wp:featuredmedia":[{"embeddable":true,"href":"https:\/\/server.idssoft.net\/idsdemo\/wp-json\/wp\/v2\/media\/16522"}],"wp:attachment":[{"href":"https:\/\/server.idssoft.net\/idsdemo\/wp-json\/wp\/v2\/media?parent=16524"}],"wp:term":[{"taxonomy":"product_cat","embeddable":true,"href":"https:\/\/server.idssoft.net\/idsdemo\/wp-json\/wp\/v2\/product_cat?post=16524"},{"taxonomy":"product_tag","embeddable":true,"href":"https:\/\/server.idssoft.net\/idsdemo\/wp-json\/wp\/v2\/product_tag?post=16524"}],"curies":[{"name":"wp","href":"https:\/\/api.w.org\/{rel}","templated":true}]}}