{"id":16540,"date":"2021-06-23T16:17:13","date_gmt":"2021-06-23T16:17:13","guid":{"rendered":"https:\/\/server.idssoft.net\/idsdemo\/producto\/raton-inalambrico-yvi-fx-1600dpi-negro-trust\/"},"modified":"2021-06-23T16:17:13","modified_gmt":"2021-06-23T16:17:13","slug":"raton-inalambrico-yvi-fx-1600dpi-negro-trust","status":"publish","type":"product","link":"https:\/\/server.idssoft.net\/idsdemo\/producto\/raton-inalambrico-yvi-fx-1600dpi-negro-trust\/","title":{"rendered":"RATON INALAMBRICO YVI FX 1600DPI NEGRO TRUST"},"content":{"rendered":"<p>\u2022 Compacto rat\u00f3n inal\u00e1mbrico con iluminaci\u00f3n LED con patr\u00f3n de colores cambiantes<br \/>\u2022 Microrreceptor USB de f\u00e1cil almacenamiento<br \/>\u2022 Lados de goma para ofrecer mayor comodidad y mejor agarre<br \/>\u2022 Cobertura inal\u00e1mbrica de 8 m (2,4<\/p>\n","protected":false},"excerpt":{"rendered":"<p>\u2022 Compacto rat\u00f3n inal\u00e1mbrico con iluminaci\u00f3n LED con patr\u00f3n de colores cambiantes\u2022 Microrreceptor USB de f\u00e1cil almacenamiento\u2022 Lados de goma para ofrecer mayor comodidad y mejor agarre\u2022 Cobertura inal\u00e1mbrica de 8 m (2,4<\/p>\n","protected":false},"featured_media":16538,"comment_status":"open","ping_status":"closed","template":"","meta":[],"product_cat":[480],"product_tag":[],"class_list":["post-16540","product","type-product","status-publish","has-post-thumbnail","hentry","product_cat-ratones","thunk-woo-product-list","opn-qv-enable","top-store-woo-hover-","top-store-single-product-tab-horizontal","top-store-shadow-","top-store-shadow-hover-"],"_links":{"self":[{"href":"https:\/\/server.idssoft.net\/idsdemo\/wp-json\/wp\/v2\/product\/16540","targetHints":{"allow":["GET"]}}],"collection":[{"href":"https:\/\/server.idssoft.net\/idsdemo\/wp-json\/wp\/v2\/product"}],"about":[{"href":"https:\/\/server.idssoft.net\/idsdemo\/wp-json\/wp\/v2\/types\/product"}],"replies":[{"embeddable":true,"href":"https:\/\/server.idssoft.net\/idsdemo\/wp-json\/wp\/v2\/comments?post=16540"}],"wp:featuredmedia":[{"embeddable":true,"href":"https:\/\/server.idssoft.net\/idsdemo\/wp-json\/wp\/v2\/media\/16538"}],"wp:attachment":[{"href":"https:\/\/server.idssoft.net\/idsdemo\/wp-json\/wp\/v2\/media?parent=16540"}],"wp:term":[{"taxonomy":"product_cat","embeddable":true,"href":"https:\/\/server.idssoft.net\/idsdemo\/wp-json\/wp\/v2\/product_cat?post=16540"},{"taxonomy":"product_tag","embeddable":true,"href":"https:\/\/server.idssoft.net\/idsdemo\/wp-json\/wp\/v2\/product_tag?post=16540"}],"curies":[{"name":"wp","href":"https:\/\/api.w.org\/{rel}","templated":true}]}}