{"id":16565,"date":"2021-06-23T16:18:11","date_gmt":"2021-06-23T16:18:11","guid":{"rendered":"https:\/\/server.idssoft.net\/idsdemo\/producto\/radio-despertador-fm-digiclock3-technisat\/"},"modified":"2021-06-23T16:18:11","modified_gmt":"2021-06-23T16:18:11","slug":"radio-despertador-fm-digiclock3-technisat","status":"publish","type":"product","link":"https:\/\/server.idssoft.net\/idsdemo\/producto\/radio-despertador-fm-digiclock3-technisat\/","title":{"rendered":"RADIO DESPERTADOR FM DIGICLOCK3 TECHNISAT"},"content":{"rendered":"<p>Radio reloj despertador DIGICLOCK 3 con pantalla LED n\u00edtida (1,2 &#034;), con control de brillo de 2 niveles. <br \/>La pr\u00e1ctica funci\u00f3n del proyector permite visualizar la hora actual en el techo y la funci\u00f3n FLIP permite girarla 180 grados. <\/p>\n","protected":false},"excerpt":{"rendered":"<p>Radio reloj despertador DIGICLOCK 3 con pantalla LED n\u00edtida (1,2 &#034;), con control de brillo de 2 niveles. La pr\u00e1ctica funci\u00f3n del proyector permite visualizar la hora actual en el techo y la funci\u00f3n FLIP permite girarla 180 grados.<\/p>\n","protected":false},"featured_media":16563,"comment_status":"open","ping_status":"closed","template":"","meta":[],"product_cat":[478],"product_tag":[],"class_list":["post-16565","product","type-product","status-publish","has-post-thumbnail","hentry","product_cat-radios","thunk-woo-product-list","opn-qv-enable","top-store-woo-hover-","top-store-single-product-tab-horizontal","top-store-shadow-","top-store-shadow-hover-"],"_links":{"self":[{"href":"https:\/\/server.idssoft.net\/idsdemo\/wp-json\/wp\/v2\/product\/16565","targetHints":{"allow":["GET"]}}],"collection":[{"href":"https:\/\/server.idssoft.net\/idsdemo\/wp-json\/wp\/v2\/product"}],"about":[{"href":"https:\/\/server.idssoft.net\/idsdemo\/wp-json\/wp\/v2\/types\/product"}],"replies":[{"embeddable":true,"href":"https:\/\/server.idssoft.net\/idsdemo\/wp-json\/wp\/v2\/comments?post=16565"}],"wp:featuredmedia":[{"embeddable":true,"href":"https:\/\/server.idssoft.net\/idsdemo\/wp-json\/wp\/v2\/media\/16563"}],"wp:attachment":[{"href":"https:\/\/server.idssoft.net\/idsdemo\/wp-json\/wp\/v2\/media?parent=16565"}],"wp:term":[{"taxonomy":"product_cat","embeddable":true,"href":"https:\/\/server.idssoft.net\/idsdemo\/wp-json\/wp\/v2\/product_cat?post=16565"},{"taxonomy":"product_tag","embeddable":true,"href":"https:\/\/server.idssoft.net\/idsdemo\/wp-json\/wp\/v2\/product_tag?post=16565"}],"curies":[{"name":"wp","href":"https:\/\/api.w.org\/{rel}","templated":true}]}}