{"id":16725,"date":"2021-06-23T16:23:55","date_gmt":"2021-06-23T16:23:55","guid":{"rendered":"https:\/\/server.idssoft.net\/idsdemo\/producto\/robot-aspirador-rvc201-blaupunkt\/"},"modified":"2021-06-23T16:23:55","modified_gmt":"2021-06-23T16:23:55","slug":"robot-aspirador-rvc201-blaupunkt","status":"publish","type":"product","link":"https:\/\/server.idssoft.net\/idsdemo\/producto\/robot-aspirador-rvc201-blaupunkt\/","title":{"rendered":"ROBOT ASPIRADOR RVC201 BLAUPUNKT"},"content":{"rendered":"<p>El nuevo modelo de aspirador robotizado RVC201 es perfecto para suelos lisos de madera, laminados y cer\u00e1micos, as\u00ed como para moquetas y moquetas de pelo corto.<\/p>\n<p>Est\u00e1 equipado con 3 modos de funcionamiento: aleatorio, en espiral y a lo largo d<\/p>\n","protected":false},"excerpt":{"rendered":"<p>El nuevo modelo de aspirador robotizado RVC201 es perfecto para suelos lisos de madera, laminados y cer\u00e1micos, as\u00ed como para moquetas y moquetas de pelo corto. Est\u00e1 equipado con 3 modos de funcionamiento: aleatorio, en espiral y a lo largo d<\/p>\n","protected":false},"featured_media":16724,"comment_status":"open","ping_status":"closed","template":"","meta":[],"product_cat":[511],"product_tag":[],"class_list":["post-16725","product","type-product","status-publish","has-post-thumbnail","hentry","product_cat-aspiradoras","thunk-woo-product-list","opn-qv-enable","top-store-woo-hover-","top-store-single-product-tab-horizontal","top-store-shadow-","top-store-shadow-hover-"],"_links":{"self":[{"href":"https:\/\/server.idssoft.net\/idsdemo\/wp-json\/wp\/v2\/product\/16725","targetHints":{"allow":["GET"]}}],"collection":[{"href":"https:\/\/server.idssoft.net\/idsdemo\/wp-json\/wp\/v2\/product"}],"about":[{"href":"https:\/\/server.idssoft.net\/idsdemo\/wp-json\/wp\/v2\/types\/product"}],"replies":[{"embeddable":true,"href":"https:\/\/server.idssoft.net\/idsdemo\/wp-json\/wp\/v2\/comments?post=16725"}],"wp:featuredmedia":[{"embeddable":true,"href":"https:\/\/server.idssoft.net\/idsdemo\/wp-json\/wp\/v2\/media\/16724"}],"wp:attachment":[{"href":"https:\/\/server.idssoft.net\/idsdemo\/wp-json\/wp\/v2\/media?parent=16725"}],"wp:term":[{"taxonomy":"product_cat","embeddable":true,"href":"https:\/\/server.idssoft.net\/idsdemo\/wp-json\/wp\/v2\/product_cat?post=16725"},{"taxonomy":"product_tag","embeddable":true,"href":"https:\/\/server.idssoft.net\/idsdemo\/wp-json\/wp\/v2\/product_tag?post=16725"}],"curies":[{"name":"wp","href":"https:\/\/api.w.org\/{rel}","templated":true}]}}