{"id":16763,"date":"2021-06-23T16:25:16","date_gmt":"2021-06-23T16:25:16","guid":{"rendered":"https:\/\/server.idssoft.net\/idsdemo\/producto\/telefono-inalambrico-dect-gris-blanco-smile-alcatel\/"},"modified":"2021-06-23T16:25:16","modified_gmt":"2021-06-23T16:25:16","slug":"telefono-inalambrico-dect-gris-blanco-smile-alcatel","status":"publish","type":"product","link":"https:\/\/server.idssoft.net\/idsdemo\/producto\/telefono-inalambrico-dect-gris-blanco-smile-alcatel\/","title":{"rendered":"TELEFONO INALAMBRICO DECT GRIS\/BLANCO SMILE ALCATEL"},"content":{"rendered":"<p>Memoria<br \/>\u2022Capacidad de lista de direcciones: 50 entradas<br \/>\u2022Pantalla incorporada: Si<br \/>\u2022Monitor con luz de fondo: Si<br \/>\u2022N\u00famero de l\u00edneas en pantalla: 1 l\u00edneas<br \/>\u2022Color de luz de fondo: Azul<br \/>\u2022Mostrar el estado de la<\/p>\n","protected":false},"excerpt":{"rendered":"<p>Memoria\u2022Capacidad de lista de direcciones: 50 entradas\u2022Pantalla incorporada: Si\u2022Monitor con luz de fondo: Si\u2022N\u00famero de l\u00edneas en pantalla: 1 l\u00edneas\u2022Color de luz de fondo: Azul\u2022Mostrar el estado de la<\/p>\n","protected":false},"featured_media":16761,"comment_status":"open","ping_status":"closed","template":"","meta":[],"product_cat":[488],"product_tag":[],"class_list":["post-16763","product","type-product","status-publish","has-post-thumbnail","hentry","product_cat-telefonia-fija-inalmbrica","thunk-woo-product-list","opn-qv-enable","top-store-woo-hover-","top-store-single-product-tab-horizontal","top-store-shadow-","top-store-shadow-hover-"],"_links":{"self":[{"href":"https:\/\/server.idssoft.net\/idsdemo\/wp-json\/wp\/v2\/product\/16763","targetHints":{"allow":["GET"]}}],"collection":[{"href":"https:\/\/server.idssoft.net\/idsdemo\/wp-json\/wp\/v2\/product"}],"about":[{"href":"https:\/\/server.idssoft.net\/idsdemo\/wp-json\/wp\/v2\/types\/product"}],"replies":[{"embeddable":true,"href":"https:\/\/server.idssoft.net\/idsdemo\/wp-json\/wp\/v2\/comments?post=16763"}],"wp:featuredmedia":[{"embeddable":true,"href":"https:\/\/server.idssoft.net\/idsdemo\/wp-json\/wp\/v2\/media\/16761"}],"wp:attachment":[{"href":"https:\/\/server.idssoft.net\/idsdemo\/wp-json\/wp\/v2\/media?parent=16763"}],"wp:term":[{"taxonomy":"product_cat","embeddable":true,"href":"https:\/\/server.idssoft.net\/idsdemo\/wp-json\/wp\/v2\/product_cat?post=16763"},{"taxonomy":"product_tag","embeddable":true,"href":"https:\/\/server.idssoft.net\/idsdemo\/wp-json\/wp\/v2\/product_tag?post=16763"}],"curies":[{"name":"wp","href":"https:\/\/api.w.org\/{rel}","templated":true}]}}