{"id":18186,"date":"2021-12-01T19:17:23","date_gmt":"2021-12-01T19:17:23","guid":{"rendered":"https:\/\/server.idssoft.net\/idsdemo\/producto\/multifuncion-brother-dcp-l2550dn-a4-laser-monocromo\/"},"modified":"2021-12-01T19:17:23","modified_gmt":"2021-12-01T19:17:23","slug":"multifuncion-brother-dcp-l2550dn-a4-laser-monocromo","status":"publish","type":"product","link":"https:\/\/server.idssoft.net\/idsdemo\/producto\/multifuncion-brother-dcp-l2550dn-a4-laser-monocromo\/","title":{"rendered":"MULTIFUNCION Brother DCP-L2550DN A4 LASER Monocromo"},"content":{"rendered":"<p>Impresora 3 en 1 (impresora, copiadora y esc\u00e1ner) con alimentador autom\u00e1tico de documentos para ahorrar tiempo en los trabajos de copia y escaneado.<\/p>\n<p>Caracter\u00edsticas:<br \/>\nVelocidad de impresi\u00f3n y copia hasta 34ppm<br \/>\nImpresi\u00f3n autom\u00e1tica a doble cara<br \/>\nPCL6 \/BR-Script3 \/ PDF versi\u00f3n 1.7<br \/>\nRed cableada y conexi\u00f3n m\u00f3vil<br \/>\nIncluye t\u00f3ner con capacidad para 1.200 p\u00e1ginas<br \/>\nT\u00f3ner XL de 3.000 p\u00e1ginas<\/p>\n","protected":false},"excerpt":{"rendered":"<p>Impresora 3 en 1 (impresora, copiadora y esc\u00e1ner) con alimentador autom\u00e1tico de documentos para ahorrar tiempo en los trabajos de copia y escaneado. Caracter\u00edsticas: Velocidad de impresi\u00f3n y copia hasta 34ppm Impresi\u00f3n autom\u00e1tica a doble cara PCL6 \/BR-Script3 \/ PDF versi\u00f3n 1.7 Red cableada y conexi\u00f3n m\u00f3vil Incluye t\u00f3ner con capacidad para 1.200 p\u00e1ginas T\u00f3ner &hellip;<\/p>\n<p class=\"read-more\"> <a class=\" thunk-readmore button \" href=\"https:\/\/server.idssoft.net\/idsdemo\/producto\/multifuncion-brother-dcp-l2550dn-a4-laser-monocromo\/\"> <span class=\"screen-reader-text\">MULTIFUNCION Brother DCP-L2550DN A4 LASER Monocromo<\/span>Leer m\u00e1s<\/a><\/p>\n","protected":false},"featured_media":18185,"comment_status":"open","ping_status":"closed","template":"","meta":[],"product_cat":[709],"product_tag":[],"class_list":["post-18186","product","type-product","status-publish","has-post-thumbnail","hentry","product_brand-brother","product_cat-informatica-equipos-multifuncionales-multifuncionales-laser-monocromo","thunk-woo-product-list","opn-qv-enable","top-store-woo-hover-","top-store-single-product-tab-horizontal","top-store-shadow-","top-store-shadow-hover-"],"_links":{"self":[{"href":"https:\/\/server.idssoft.net\/idsdemo\/wp-json\/wp\/v2\/product\/18186","targetHints":{"allow":["GET"]}}],"collection":[{"href":"https:\/\/server.idssoft.net\/idsdemo\/wp-json\/wp\/v2\/product"}],"about":[{"href":"https:\/\/server.idssoft.net\/idsdemo\/wp-json\/wp\/v2\/types\/product"}],"replies":[{"embeddable":true,"href":"https:\/\/server.idssoft.net\/idsdemo\/wp-json\/wp\/v2\/comments?post=18186"}],"wp:featuredmedia":[{"embeddable":true,"href":"https:\/\/server.idssoft.net\/idsdemo\/wp-json\/wp\/v2\/media\/18185"}],"wp:attachment":[{"href":"https:\/\/server.idssoft.net\/idsdemo\/wp-json\/wp\/v2\/media?parent=18186"}],"wp:term":[{"taxonomy":"product_cat","embeddable":true,"href":"https:\/\/server.idssoft.net\/idsdemo\/wp-json\/wp\/v2\/product_cat?post=18186"},{"taxonomy":"product_tag","embeddable":true,"href":"https:\/\/server.idssoft.net\/idsdemo\/wp-json\/wp\/v2\/product_tag?post=18186"}],"curies":[{"name":"wp","href":"https:\/\/api.w.org\/{rel}","templated":true}]}}