{"id":18194,"date":"2021-12-01T19:17:39","date_gmt":"2021-12-01T19:17:39","guid":{"rendered":"https:\/\/server.idssoft.net\/idsdemo\/producto\/multifuncion-hp-laserjet-color-mfp-m182n\/"},"modified":"2021-12-01T19:17:39","modified_gmt":"2021-12-01T19:17:39","slug":"multifuncion-hp-laserjet-color-mfp-m182n","status":"publish","type":"product","link":"https:\/\/server.idssoft.net\/idsdemo\/producto\/multifuncion-hp-laserjet-color-mfp-m182n\/","title":{"rendered":"MULTIFUNCION HP Laserjet Color MFP M182N"},"content":{"rendered":"<p>HP Color LaserJet Pro MFP M183fw es una impresora multifunci\u00f3n eficiente con la que obtendr\u00e1s un color de alta calidad. Ahorra tiempo con Smart Tasks en la aplicaci\u00f3n HP Smart, obt\u00e9n conexiones integrales y funciones de seguridad esenciales para mantener la privacidad y el control.<\/p>\n<p>Libertad para trabajar en cualquier parte<br \/>\nElimina pasos en tareas repetitivas con accesos directos personalizables y Smart Tasks en la aplicaci\u00f3n HP Smart. Escanea a la nube y al correo electr\u00f3nico, entre otras opciones, con un solo toque.<br \/>\nOrganiza documentos de una forma un 50 % m\u00e1s r\u00e1pida con Smart Tasks : la primera aplicaci\u00f3n de impresi\u00f3n m\u00f3vil que automatiza las tareas de escaneado.<br \/>\nRecibe notificaciones al imprimir, escanear o copiar desde tu dispositivo m\u00f3vil mediante la aplicaci\u00f3n HP Smart.<br \/>\nCalidad y rendimiento con la fiabilidad de HP<br \/>\nObt\u00e9n un color de alta calidad y el m\u00e1ximo rendimiento de impresi\u00f3n con los cartuchos de t\u00f3ner Originales HP con JetIntelligence.<br \/>\nObt\u00e9n copias de forma r\u00e1pida y sencilla directamente desde el panel de control.<br \/>\nAhorra energ\u00eda con la tecnolog\u00eda HP Auto-On\/Auto-Off y con esta impresora multifunci\u00f3n l\u00e1ser en color con certificaci\u00f3n ENERGY STAR\u00ae.<br \/>\nFunciones de seguridad esenciales y conexiones fiables<br \/>\nFunciones de seguridad esenciales para mantener la privacidad y el control, incluido el cifrado b\u00e1sico y la protecci\u00f3n de contrase\u00f1as.<br \/>\nComparte recursos f\u00e1cilmente: accede e imprime con redes Ethernet<br \/>\nCaracter\u00edsticas<br \/>\nImpresi\u00f3n, copia y escaneado<br \/>\nHasta 16 ppm en negro y en color<br \/>\nAhorra tiempo con los accesos directos de Smart Tasks en la aplicaci\u00f3n m\u00f3vil HP Smart<br \/>\nFast Ethernet integrada y USB de alta velocidad<br \/>\nEl esc\u00e1ner de superficie plana admite tama\u00f1os de papel de hasta 21,6 X 29,7 cm<br \/>\nLCD ICON de 7 segmentos con 6 botones<\/p>\n","protected":false},"excerpt":{"rendered":"<p>HP Color LaserJet Pro MFP M183fw es una impresora multifunci\u00f3n eficiente con la que obtendr\u00e1s un color de alta calidad. Ahorra tiempo con Smart Tasks en la aplicaci\u00f3n HP Smart, obt\u00e9n conexiones integrales y funciones de seguridad esenciales para mantener la privacidad y el control. Libertad para trabajar en cualquier parte Elimina pasos en tareas &hellip;<\/p>\n<p class=\"read-more\"> <a class=\" thunk-readmore button \" href=\"https:\/\/server.idssoft.net\/idsdemo\/producto\/multifuncion-hp-laserjet-color-mfp-m182n\/\"> <span class=\"screen-reader-text\">MULTIFUNCION HP Laserjet Color MFP M182N<\/span>Leer m\u00e1s<\/a><\/p>\n","protected":false},"featured_media":18193,"comment_status":"open","ping_status":"closed","template":"","meta":[],"product_cat":[707],"product_tag":[],"class_list":["post-18194","product","type-product","status-publish","has-post-thumbnail","hentry","product_cat-informatica-equipos-multifuncionales-multifuncionales-laser-color","thunk-woo-product-list","opn-qv-enable","top-store-woo-hover-","top-store-single-product-tab-horizontal","top-store-shadow-","top-store-shadow-hover-"],"_links":{"self":[{"href":"https:\/\/server.idssoft.net\/idsdemo\/wp-json\/wp\/v2\/product\/18194","targetHints":{"allow":["GET"]}}],"collection":[{"href":"https:\/\/server.idssoft.net\/idsdemo\/wp-json\/wp\/v2\/product"}],"about":[{"href":"https:\/\/server.idssoft.net\/idsdemo\/wp-json\/wp\/v2\/types\/product"}],"replies":[{"embeddable":true,"href":"https:\/\/server.idssoft.net\/idsdemo\/wp-json\/wp\/v2\/comments?post=18194"}],"wp:featuredmedia":[{"embeddable":true,"href":"https:\/\/server.idssoft.net\/idsdemo\/wp-json\/wp\/v2\/media\/18193"}],"wp:attachment":[{"href":"https:\/\/server.idssoft.net\/idsdemo\/wp-json\/wp\/v2\/media?parent=18194"}],"wp:term":[{"taxonomy":"product_cat","embeddable":true,"href":"https:\/\/server.idssoft.net\/idsdemo\/wp-json\/wp\/v2\/product_cat?post=18194"},{"taxonomy":"product_tag","embeddable":true,"href":"https:\/\/server.idssoft.net\/idsdemo\/wp-json\/wp\/v2\/product_tag?post=18194"}],"curies":[{"name":"wp","href":"https:\/\/api.w.org\/{rel}","templated":true}]}}