{"id":18206,"date":"2021-12-01T19:18:03","date_gmt":"2021-12-01T19:18:03","guid":{"rendered":"https:\/\/server.idssoft.net\/idsdemo\/producto\/ordenador-portatil-hp-240gb-8gb-256gb-ssd-intel-celeron\/"},"modified":"2021-12-01T19:18:03","modified_gmt":"2021-12-01T19:18:03","slug":"ordenador-portatil-hp-240gb-8gb-256gb-ssd-intel-celeron","status":"publish","type":"product","link":"https:\/\/server.idssoft.net\/idsdemo\/producto\/ordenador-portatil-hp-240gb-8gb-256gb-ssd-intel-celeron\/","title":{"rendered":"ORDENADOR PORTATIL HP 240Gb 8GB\/256GB SSD\/ Intel Celeron"},"content":{"rendered":"<p>Marca HP Garant\u00eda 1 Part Number 2X7L7EA Categor\u00edas PORT\u00c1TILES Reposici\u00f3n &#8211; Etiqueta No Peso Volumetrico 0 Kg. Procesador Familia de procesador Intel Celeron Modelo del procesador N4020 N\u00famero n\u00facleos 2 Velocidad de reloj 1.1 GHz Frecuencia Turbo (max) 2.8 GHz N\u00famero de hilos del procesador 2 Cach\u00e9 del procesador 4 MB Memoria RAM RAM 8 GB Memoria Ram 1 x 8 GB Tipo de memoria interna DDR4-SDRAM Frecuencia 2400 MHz Capacidad de disco duro Almacenamiento 256 GB Unidad de almacenamiento SSD Tarjeta de memoria Si Memorias Compatibles SD, SDHC, SDXC SSD 256 GB N\u00famero de unidades SSD instalados 1 Pantalla Pulgadas 14 Resoluci\u00f3n 1920 x 1080 Pixeles Tipo HD Full HD Brillo de pantalla 250 cd \/ m\u00b2 Tecnolog\u00eda IPS Pantalla t\u00e1ctil No Relaci\u00f3n de aspecto 16:9 Grafica Gr\u00e1ficos Intel UHD Graphics 600 Unidad de disco Tipo  No C\u00e1mara C\u00e1mara frontal Si Red Bluetooth Si Cumplimiento tecnolog\u00edas inal\u00e1mbricas Wi-Fi 5 Ethernet Si Wi-Fi est\u00e1ndares IEEE 802.11a, IEEE 802.11ac, IEEE 802.11b, IEEE 802.11g, IEEE 802.11n Versi\u00f3n de Bluetooth 4.2 Wi-Fi Si Puertos e Interfaces Auriculares 3.5 mm Cantidad de puertos USB 3.2 2 Cantidad de puertos USB Type-C  1 N\u00famero de puertos HDMI 1 Versi\u00f3n HDMI 1.4b Ethernet (RJ-45) 1 Teclado Teclado num\u00e9rico No Retroiluminaci\u00f3n de teclado Si Teclado de tama\u00f1o completo Si Teclas de Windows Si Dispositivo apuntador Touchpad SO\/Software Sistema operativo instalado Windows 10 Home Arquitectura del sistema operativo 64 bits Audio N\u00famero de altavoces incorporados 2 Micr\u00f3fono incorporado Si Peso y Dimensiones Ancho 324 mm Altura 19.9 mm Profundidad 226 mm Peso 1.5 kg Aprobaciones reguladoras Certificado Energy Star Si Color Color Negro<\/p>\n","protected":false},"excerpt":{"rendered":"<p>Marca HP Garant\u00eda 1 Part Number 2X7L7EA Categor\u00edas PORT\u00c1TILES Reposici\u00f3n &#8211; Etiqueta No Peso Volumetrico 0 Kg. Procesador Familia de procesador Intel Celeron Modelo del procesador N4020 N\u00famero n\u00facleos 2 Velocidad de reloj 1.1 GHz Frecuencia Turbo (max) 2.8 GHz N\u00famero de hilos del procesador 2 Cach\u00e9 del procesador 4 MB Memoria RAM RAM 8 &hellip;<\/p>\n<p class=\"read-more\"> <a class=\" thunk-readmore button \" href=\"https:\/\/server.idssoft.net\/idsdemo\/producto\/ordenador-portatil-hp-240gb-8gb-256gb-ssd-intel-celeron\/\"> <span class=\"screen-reader-text\">ORDENADOR PORTATIL HP 240Gb 8GB\/256GB SSD\/ Intel Celeron<\/span>Leer m\u00e1s<\/a><\/p>\n","protected":false},"featured_media":18205,"comment_status":"open","ping_status":"closed","template":"","meta":[],"product_cat":[703],"product_tag":[],"class_list":["post-18206","product","type-product","status-publish","has-post-thumbnail","hentry","product_cat-informatica-equipos-informatica-ordenadores-portatiles","thunk-woo-product-list","opn-qv-enable","top-store-woo-hover-","top-store-single-product-tab-horizontal","top-store-shadow-","top-store-shadow-hover-"],"_links":{"self":[{"href":"https:\/\/server.idssoft.net\/idsdemo\/wp-json\/wp\/v2\/product\/18206","targetHints":{"allow":["GET"]}}],"collection":[{"href":"https:\/\/server.idssoft.net\/idsdemo\/wp-json\/wp\/v2\/product"}],"about":[{"href":"https:\/\/server.idssoft.net\/idsdemo\/wp-json\/wp\/v2\/types\/product"}],"replies":[{"embeddable":true,"href":"https:\/\/server.idssoft.net\/idsdemo\/wp-json\/wp\/v2\/comments?post=18206"}],"wp:featuredmedia":[{"embeddable":true,"href":"https:\/\/server.idssoft.net\/idsdemo\/wp-json\/wp\/v2\/media\/18205"}],"wp:attachment":[{"href":"https:\/\/server.idssoft.net\/idsdemo\/wp-json\/wp\/v2\/media?parent=18206"}],"wp:term":[{"taxonomy":"product_cat","embeddable":true,"href":"https:\/\/server.idssoft.net\/idsdemo\/wp-json\/wp\/v2\/product_cat?post=18206"},{"taxonomy":"product_tag","embeddable":true,"href":"https:\/\/server.idssoft.net\/idsdemo\/wp-json\/wp\/v2\/product_tag?post=18206"}],"curies":[{"name":"wp","href":"https:\/\/api.w.org\/{rel}","templated":true}]}}