{"id":18210,"date":"2021-12-01T19:18:11","date_gmt":"2021-12-01T19:18:11","guid":{"rendered":"https:\/\/server.idssoft.net\/idsdemo\/producto\/multifuncion-hp-hp-envy-photo-6230-multifuncion-wifi\/"},"modified":"2021-12-01T19:18:11","modified_gmt":"2021-12-01T19:18:11","slug":"multifuncion-hp-hp-envy-photo-6230-multifuncion-wifi","status":"publish","type":"product","link":"https:\/\/server.idssoft.net\/idsdemo\/producto\/multifuncion-hp-hp-envy-photo-6230-multifuncion-wifi\/","title":{"rendered":"MULTIFUNCION HP HP Envy Photo 6230 Multifunci\u00f3n WiFi"},"content":{"rendered":"<p>La calidad de la impresi\u00f3n es sin duda el activo mayor de la impresora Envy Photo 6230. Mientras que la velocidad de impresi\u00f3n de documentos es excelente, al imprimir fotos, la velocidad es algo menor mientras que la calidad es excelente. Otro de sus activos m\u00e1s destacables en mi opini\u00f3n es su conectividad, puesto que permite<\/p>\n","protected":false},"excerpt":{"rendered":"<p>La calidad de la impresi\u00f3n es sin duda el activo mayor de la impresora Envy Photo 6230. Mientras que la velocidad de impresi\u00f3n de documentos es excelente, al imprimir fotos, la velocidad es algo menor mientras que la calidad es excelente. Otro de sus activos m\u00e1s destacables en mi opini\u00f3n es su conectividad, puesto que &hellip;<\/p>\n<p class=\"read-more\"> <a class=\" thunk-readmore button \" href=\"https:\/\/server.idssoft.net\/idsdemo\/producto\/multifuncion-hp-hp-envy-photo-6230-multifuncion-wifi\/\"> <span class=\"screen-reader-text\">MULTIFUNCION HP HP Envy Photo 6230 Multifunci\u00f3n WiFi<\/span>Leer m\u00e1s<\/a><\/p>\n","protected":false},"featured_media":18209,"comment_status":"open","ping_status":"closed","template":"","meta":[],"product_cat":[706],"product_tag":[],"class_list":["post-18210","product","type-product","status-publish","has-post-thumbnail","hentry","product_cat-informatica-equipos-multifuncionales-multifuncionales-inkjet-color","thunk-woo-product-list","opn-qv-enable","top-store-woo-hover-","top-store-single-product-tab-horizontal","top-store-shadow-","top-store-shadow-hover-"],"_links":{"self":[{"href":"https:\/\/server.idssoft.net\/idsdemo\/wp-json\/wp\/v2\/product\/18210","targetHints":{"allow":["GET"]}}],"collection":[{"href":"https:\/\/server.idssoft.net\/idsdemo\/wp-json\/wp\/v2\/product"}],"about":[{"href":"https:\/\/server.idssoft.net\/idsdemo\/wp-json\/wp\/v2\/types\/product"}],"replies":[{"embeddable":true,"href":"https:\/\/server.idssoft.net\/idsdemo\/wp-json\/wp\/v2\/comments?post=18210"}],"wp:featuredmedia":[{"embeddable":true,"href":"https:\/\/server.idssoft.net\/idsdemo\/wp-json\/wp\/v2\/media\/18209"}],"wp:attachment":[{"href":"https:\/\/server.idssoft.net\/idsdemo\/wp-json\/wp\/v2\/media?parent=18210"}],"wp:term":[{"taxonomy":"product_cat","embeddable":true,"href":"https:\/\/server.idssoft.net\/idsdemo\/wp-json\/wp\/v2\/product_cat?post=18210"},{"taxonomy":"product_tag","embeddable":true,"href":"https:\/\/server.idssoft.net\/idsdemo\/wp-json\/wp\/v2\/product_tag?post=18210"}],"curies":[{"name":"wp","href":"https:\/\/api.w.org\/{rel}","templated":true}]}}