{"id":18216,"date":"2021-12-01T19:18:24","date_gmt":"2021-12-01T19:18:24","guid":{"rendered":"https:\/\/server.idssoft.net\/idsdemo\/producto\/cargador-pilas-volten-pilas-lr03-aa\/"},"modified":"2021-12-01T19:18:24","modified_gmt":"2021-12-01T19:18:24","slug":"cargador-pilas-volten-pilas-lr03-aa","status":"publish","type":"product","link":"https:\/\/server.idssoft.net\/idsdemo\/producto\/cargador-pilas-volten-pilas-lr03-aa\/","title":{"rendered":"CARGADOR PILAS Volten +PILAS LR03\/AA"},"content":{"rendered":"<p>Presentaci\u00f3n blister con cargador y 4 pilas.<br \/>\n\u2022 Tipo de Pila: Alcalina LR6\/AA 1.2V.<br \/>\n\u2022 Recargable 2.500 mAh.<br \/>\n\u2022 0.00% Mercurio &#8211; Cadmio.<br \/>\n\u2022 Larga duraci\u00f3n, ideal para aparatos electr\u00f3nicos, juguetes etc&#8230;.<br \/>\n\u2022 Aseg\u00farese de introducir las bater\u00edas en la posici\u00f3n correcta (+\/-).No tire las bater\u00edas al fuego.No las intente recargar.Reemplace siempre el juego completo de bater\u00edas.No mezcle tipos y marcas distintas.Retire siempre las bater\u00edas agotadas.<\/p>\n","protected":false},"excerpt":{"rendered":"<p>Presentaci\u00f3n blister con cargador y 4 pilas. \u2022 Tipo de Pila: Alcalina LR6\/AA 1.2V. \u2022 Recargable 2.500 mAh. \u2022 0.00% Mercurio &#8211; Cadmio. \u2022 Larga duraci\u00f3n, ideal para aparatos electr\u00f3nicos, juguetes etc&#8230;. \u2022 Aseg\u00farese de introducir las bater\u00edas en la posici\u00f3n correcta (+\/-).No tire las bater\u00edas al fuego.No las intente recargar.Reemplace siempre el juego completo &hellip;<\/p>\n<p class=\"read-more\"> <a class=\" thunk-readmore button \" href=\"https:\/\/server.idssoft.net\/idsdemo\/producto\/cargador-pilas-volten-pilas-lr03-aa\/\"> <span class=\"screen-reader-text\">CARGADOR PILAS Volten +PILAS LR03\/AA<\/span>Leer m\u00e1s<\/a><\/p>\n","protected":false},"featured_media":18215,"comment_status":"open","ping_status":"closed","template":"","meta":[],"product_cat":[693],"product_tag":[],"class_list":["post-18216","product","type-product","status-publish","has-post-thumbnail","hentry","product_cat-ofimatica-maquinas-de-oficina-pilas-baterias-pilas","thunk-woo-product-list","opn-qv-enable","top-store-woo-hover-","top-store-single-product-tab-horizontal","top-store-shadow-","top-store-shadow-hover-"],"_links":{"self":[{"href":"https:\/\/server.idssoft.net\/idsdemo\/wp-json\/wp\/v2\/product\/18216","targetHints":{"allow":["GET"]}}],"collection":[{"href":"https:\/\/server.idssoft.net\/idsdemo\/wp-json\/wp\/v2\/product"}],"about":[{"href":"https:\/\/server.idssoft.net\/idsdemo\/wp-json\/wp\/v2\/types\/product"}],"replies":[{"embeddable":true,"href":"https:\/\/server.idssoft.net\/idsdemo\/wp-json\/wp\/v2\/comments?post=18216"}],"wp:featuredmedia":[{"embeddable":true,"href":"https:\/\/server.idssoft.net\/idsdemo\/wp-json\/wp\/v2\/media\/18215"}],"wp:attachment":[{"href":"https:\/\/server.idssoft.net\/idsdemo\/wp-json\/wp\/v2\/media?parent=18216"}],"wp:term":[{"taxonomy":"product_cat","embeddable":true,"href":"https:\/\/server.idssoft.net\/idsdemo\/wp-json\/wp\/v2\/product_cat?post=18216"},{"taxonomy":"product_tag","embeddable":true,"href":"https:\/\/server.idssoft.net\/idsdemo\/wp-json\/wp\/v2\/product_tag?post=18216"}],"curies":[{"name":"wp","href":"https:\/\/api.w.org\/{rel}","templated":true}]}}