{"id":18220,"date":"2021-12-01T19:18:37","date_gmt":"2021-12-01T19:18:37","guid":{"rendered":"https:\/\/server.idssoft.net\/idsdemo\/producto\/multifuncion-hp-officejet-pro-8012-a-4-e-all-in-one\/"},"modified":"2021-12-01T19:18:37","modified_gmt":"2021-12-01T19:18:37","slug":"multifuncion-hp-officejet-pro-8012-a-4-e-all-in-one","status":"publish","type":"product","link":"https:\/\/server.idssoft.net\/idsdemo\/producto\/multifuncion-hp-officejet-pro-8012-a-4-e-all-in-one\/","title":{"rendered":"MULTIFUNCION HP Officejet Pro 8012 A-4 e-All-in-One"},"content":{"rendered":"<p>CARACTER\u00cdSTICAS AVANZADAS<br \/>\nTecnolog\u00eda con funciones de ahorro de energ\u00eda\tPrograma apagado y programa encendido<br \/>\nFunciones del software inteligente de la impresora\tOrientaci\u00f3n: vertical\/horizontal<br \/>\nImpresi\u00f3n por ambas caras: ninguna\/orientaci\u00f3n horizontal\/orientaci\u00f3n vertical<br \/>\nOrden de p\u00e1ginas: de delante hacia atr\u00e1s\/de atr\u00e1s hacia delante<br \/>\nP\u00e1ginas por hoja: 1, 2, 4, 6, 9 y 16<br \/>\nAjustes de calidad: borrador\/normal\/\u00f3ptima<br \/>\nAccesos directos de impresi\u00f3n<br \/>\nImprimir en escala de grises: desactivado\/escala de grises de alta calidad\/solo tinta negra<br \/>\nDise\u00f1o de p\u00e1ginas por hoja: derecha y hacia abajo\/abajo y hacia la derecha\/izquierda y hacia abajo\/abajo y hacia la izquierda<br \/>\nImprimir en PPP m\u00e1x.: no\/s\u00ed<br \/>\nTecnolog\u00edas HP Real Life: desactivado\/activado<br \/>\nFolleto: ninguno\/folleto: encuadernaci\u00f3n izquierda\/folleto: encuadernaci\u00f3n derecha<br \/>\nP\u00e1ginas para imprimir: imprimir todas las p\u00e1ginas\/imprimir solo p\u00e1ginas impares\/imprimir solo p\u00e1ginas pares<br \/>\nImpresi\u00f3n sin bordes: desactivado\/activado<br \/>\nBordes de p\u00e1ginas: desactivado\/activado<br \/>\nDESCRIPCI\u00d3N DEL PRODUCTO<br \/>\nDescargo de responsabilidad sobre la descripci\u00f3n del producto\tEsta es una impresora habilitada para HP+. Elige HP+ en la configuraci\u00f3n del producto para activar las ventajas. HP+ requiere una cuenta HP, una conexi\u00f3n permanente a Internet y el uso exclusivo de cartuchos de Tinta Originales HP durante la vida \u00fatil de la impresora. M\u00e1s informaci\u00f3n: http:\/\/www.hp.com\/plus-faq. Si eliges la opci\u00f3n est\u00e1ndar, te recordamos que esta impresora se ha fabricado para que funcione exclusivamente con cartuchos que dispongan de circuitos electr\u00f3nicos de HP nuevos o reutilizados, y utiliza medidas de seguridad din\u00e1micas para bloquear cartuchos que utilizan circuitos modificados o que no son de HP. Las actualizaciones peri\u00f3dicas de firmware mantendr\u00e1n la efectividad de estas medidas y bloquear\u00e1n los cartuchos que funcionaron anteriormente. Los circuitos electr\u00f3nicos reutilizados de HP permiten el uso de cartuchos reutilizados, remanufacturados y rellenados.<br \/>\nURL del descargo de responsabilidad sobre la descripci\u00f3n del producto\thttp:\/\/www.hp.com\/learn\/ds<br \/>\nPROCESADOR<br \/>\nVelocidad del procesador\t1,2 GHz<br \/>\nGESTI\u00d3N DE SOPORTES DE IMPRESI\u00d3N<br \/>\nCapacidad de entrada m\u00e1xima (fotograf\u00edas de 4 x 6 cm)\tHasta 60 hojas<br \/>\nCapacidad de entrada m\u00e1xima (papel fotogr\u00e1fico)\tHasta 60 hojas<br \/>\nCapacidad de entrada m\u00e1xima (hojas)\tHasta 225 hojas<br \/>\nCapacidad de entrada m\u00e1xima (tarjetas)\tHasta 60 hojas<br \/>\nCapacidad de entrada m\u00e1xima (sobres)\tHasta 10 sobres<br \/>\nCapacidad de entrada m\u00e1xima (fotograf\u00edas de 10 x 15 cm)\tHasta 60 hojas<br \/>\nCapacidad de entrada\tHasta 225 hojas<br \/>\nCapacidad de entrada de papel de serie (tarjetas)\tHasta 60 hojas<br \/>\nCapacidad de entrada est\u00e1ndar (sobres)\tHasta 10 hojas<br \/>\nCapacidad de entrada est\u00e1ndar (legal)\tUp to 225 sheets<br \/>\nManipulaci\u00f3n de los medios de salida acabados\tAlimentador de hojas<br \/>\nCapacidad de salida m\u00e1xima (papel fotogr\u00e1fico)\tHasta 10 hojas<br \/>\nCapacidad de salida m\u00e1xima (tarjetas)\tHasta 10 hojas<br \/>\nCapacidad de salida m\u00e1xima (sobres)\tHasta 10 sobres<br \/>\nCapacidad de salida m\u00e1xima (hojas)\tHasta 60 hojas<br \/>\nCapacidad de salida\tHasta 60 hojas<br \/>\nCapacidad de salida est\u00e1ndar (tarjetas)\tHasta 10 hojas<br \/>\nCapacidad de salida est\u00e1ndar (sobres)\tHasta 10 sobres<br \/>\nCapacidad de salida est\u00e1ndar (legal)\tUp to 60 sheets<br \/>\nEntrada de gesti\u00f3n de papel, est\u00e1ndar\tBandeja de entrada de 225 hojas, AAD de 35 hojas<br \/>\nSalida de gesti\u00f3n de papel, est\u00e1ndar\tBandeja de salida de 60 hojas<\/p>\n","protected":false},"excerpt":{"rendered":"<p>CARACTER\u00cdSTICAS AVANZADAS Tecnolog\u00eda con funciones de ahorro de energ\u00eda Programa apagado y programa encendido Funciones del software inteligente de la impresora Orientaci\u00f3n: vertical\/horizontal Impresi\u00f3n por ambas caras: ninguna\/orientaci\u00f3n horizontal\/orientaci\u00f3n vertical Orden de p\u00e1ginas: de delante hacia atr\u00e1s\/de atr\u00e1s hacia delante P\u00e1ginas por hoja: 1, 2, 4, 6, 9 y 16 Ajustes de calidad: borrador\/normal\/\u00f3ptima Accesos &hellip;<\/p>\n<p class=\"read-more\"> <a class=\" thunk-readmore button \" href=\"https:\/\/server.idssoft.net\/idsdemo\/producto\/multifuncion-hp-officejet-pro-8012-a-4-e-all-in-one\/\"> <span class=\"screen-reader-text\">MULTIFUNCION HP Officejet Pro 8012 A-4 e-All-in-One<\/span>Leer m\u00e1s<\/a><\/p>\n","protected":false},"featured_media":0,"comment_status":"open","ping_status":"closed","template":"","meta":[],"product_cat":[706],"product_tag":[],"class_list":["post-18220","product","type-product","status-publish","hentry","product_brand-hp","product_cat-informatica-equipos-multifuncionales-multifuncionales-inkjet-color","thunk-woo-product-list","opn-qv-enable","top-store-woo-hover-","top-store-single-product-tab-horizontal","top-store-shadow-","top-store-shadow-hover-"],"_links":{"self":[{"href":"https:\/\/server.idssoft.net\/idsdemo\/wp-json\/wp\/v2\/product\/18220","targetHints":{"allow":["GET"]}}],"collection":[{"href":"https:\/\/server.idssoft.net\/idsdemo\/wp-json\/wp\/v2\/product"}],"about":[{"href":"https:\/\/server.idssoft.net\/idsdemo\/wp-json\/wp\/v2\/types\/product"}],"replies":[{"embeddable":true,"href":"https:\/\/server.idssoft.net\/idsdemo\/wp-json\/wp\/v2\/comments?post=18220"}],"wp:attachment":[{"href":"https:\/\/server.idssoft.net\/idsdemo\/wp-json\/wp\/v2\/media?parent=18220"}],"wp:term":[{"taxonomy":"product_cat","embeddable":true,"href":"https:\/\/server.idssoft.net\/idsdemo\/wp-json\/wp\/v2\/product_cat?post=18220"},{"taxonomy":"product_tag","embeddable":true,"href":"https:\/\/server.idssoft.net\/idsdemo\/wp-json\/wp\/v2\/product_tag?post=18220"}],"curies":[{"name":"wp","href":"https:\/\/api.w.org\/{rel}","templated":true}]}}