{"id":18248,"date":"2021-12-01T19:19:51","date_gmt":"2021-12-01T19:19:51","guid":{"rendered":"https:\/\/server.idssoft.net\/idsdemo\/producto\/pen-drive-8gb-2-0-usb\/"},"modified":"2021-12-01T19:19:51","modified_gmt":"2021-12-01T19:19:51","slug":"pen-drive-8gb-2-0-usb","status":"publish","type":"product","link":"https:\/\/server.idssoft.net\/idsdemo\/producto\/pen-drive-8gb-2-0-usb\/","title":{"rendered":"PEN DRIVE 8Gb 2.0 USB"},"content":{"rendered":"<p>Unidad flash Kingston DataTraveler G3 DTIG3\/8GB &#8211; 8 GB &#8211; Amarillo, Blanco<br \/>\nDetalles<br \/>\nUnidad flash Kingston DataTraveler G3 DTIG3\/8GB &#8211; 8 GB &#8211; Amarillo, Blanco &#8211; USB 2.0 &#8211; Externo<br \/>\nInformaci\u00f3n de M\u00e1rketing<br \/>\n\u00a1Ya est\u00e1 aqu\u00ed la nueva generaci\u00f3n del producto superventas de Kingston\u00ae! Las unidades DataTraveler\u00ae Generation 3 (G3), con capacidades de hasta 32 GB, son perfectas para almacenar y reproducir con rapidez documentos, m\u00fasica, v\u00eddeos y fotograf\u00edas. Est\u00e1n disponibles en varios colores seg\u00fan la capacidad y son ideales para la oficina, el hogar, la escuela y todos sus desplazamientos. Adem\u00e1s, son sumamente fiables y cuentan con una robusta tapa que protege el conector y los datos.   <\/p>\n","protected":false},"excerpt":{"rendered":"<p>Unidad flash Kingston DataTraveler G3 DTIG3\/8GB &#8211; 8 GB &#8211; Amarillo, Blanco Detalles Unidad flash Kingston DataTraveler G3 DTIG3\/8GB &#8211; 8 GB &#8211; Amarillo, Blanco &#8211; USB 2.0 &#8211; Externo Informaci\u00f3n de M\u00e1rketing \u00a1Ya est\u00e1 aqu\u00ed la nueva generaci\u00f3n del producto superventas de Kingston\u00ae! Las unidades DataTraveler\u00ae Generation 3 (G3), con capacidades de hasta 32 &hellip;<\/p>\n<p class=\"read-more\"> <a class=\" thunk-readmore button \" href=\"https:\/\/server.idssoft.net\/idsdemo\/producto\/pen-drive-8gb-2-0-usb\/\"> <span class=\"screen-reader-text\">PEN DRIVE 8Gb 2.0 USB<\/span>Leer m\u00e1s<\/a><\/p>\n","protected":false},"featured_media":18247,"comment_status":"open","ping_status":"closed","template":"","meta":[],"product_cat":[700],"product_tag":[],"class_list":["post-18248","product","type-product","status-publish","has-post-thumbnail","hentry","product_cat-informatica-memorias-pen-driver","thunk-woo-product-list","opn-qv-enable","top-store-woo-hover-","top-store-single-product-tab-horizontal","top-store-shadow-","top-store-shadow-hover-"],"_links":{"self":[{"href":"https:\/\/server.idssoft.net\/idsdemo\/wp-json\/wp\/v2\/product\/18248","targetHints":{"allow":["GET"]}}],"collection":[{"href":"https:\/\/server.idssoft.net\/idsdemo\/wp-json\/wp\/v2\/product"}],"about":[{"href":"https:\/\/server.idssoft.net\/idsdemo\/wp-json\/wp\/v2\/types\/product"}],"replies":[{"embeddable":true,"href":"https:\/\/server.idssoft.net\/idsdemo\/wp-json\/wp\/v2\/comments?post=18248"}],"wp:featuredmedia":[{"embeddable":true,"href":"https:\/\/server.idssoft.net\/idsdemo\/wp-json\/wp\/v2\/media\/18247"}],"wp:attachment":[{"href":"https:\/\/server.idssoft.net\/idsdemo\/wp-json\/wp\/v2\/media?parent=18248"}],"wp:term":[{"taxonomy":"product_cat","embeddable":true,"href":"https:\/\/server.idssoft.net\/idsdemo\/wp-json\/wp\/v2\/product_cat?post=18248"},{"taxonomy":"product_tag","embeddable":true,"href":"https:\/\/server.idssoft.net\/idsdemo\/wp-json\/wp\/v2\/product_tag?post=18248"}],"curies":[{"name":"wp","href":"https:\/\/api.w.org\/{rel}","templated":true}]}}