{"id":18438,"date":"2022-02-17T14:23:17","date_gmt":"2022-02-17T14:23:17","guid":{"rendered":"https:\/\/server.idssoft.net\/idsdemo\/producto\/encuadernador-d-clips-plastico-100x85mm-pvp-100u\/"},"modified":"2022-02-17T14:23:20","modified_gmt":"2022-02-17T14:23:20","slug":"encuadernador-d-clips-plastico-100x85mm-pvp-100u","status":"publish","type":"product","link":"https:\/\/server.idssoft.net\/idsdemo\/producto\/encuadernador-d-clips-plastico-100x85mm-pvp-100u\/","title":{"rendered":"ENCUADERNADOR D-CLIPS PLASTICO 100x85mm (Pvp.100u.)"},"content":{"rendered":"<p>Fabricados en alambre plastificado con fijador de pl\u00e1stico para documentaci\u00f3n con perforaci\u00f3n est\u00e1ndar, la documentaci\u00f3n puede pasarse directamente del mecanismo del archivador a las agujas del encuadernador (se doblan y sujetan con el fijador para guardar la documentaci\u00f3n en las cajas de archivo). Capacidad para 500 hojas Encuadernador f\u00e1stener alambre plastificado Elba Data-Clip<\/p>\n","protected":false},"excerpt":{"rendered":"<p>Fabricados en alambre plastificado con fijador de pl\u00e1stico para documentaci\u00f3n con perforaci\u00f3n est\u00e1ndar, la documentaci\u00f3n puede pasarse directamente del mecanismo del archivador a las agujas del encuadernador (se doblan y sujetan con el fijador para guardar la documentaci\u00f3n en las cajas de archivo). Capacidad para 500 hojas Encuadernador f\u00e1stener alambre plastificado Elba Data-Clip<\/p>\n","protected":false},"featured_media":18437,"comment_status":"open","ping_status":"closed","template":"","meta":[],"product_cat":[15],"product_tag":[],"class_list":["post-18438","product","type-product","status-publish","has-post-thumbnail","hentry","product_cat-sin-categorizar","thunk-woo-product-list","opn-qv-enable","top-store-woo-hover-","top-store-single-product-tab-horizontal","top-store-shadow-","top-store-shadow-hover-"],"_links":{"self":[{"href":"https:\/\/server.idssoft.net\/idsdemo\/wp-json\/wp\/v2\/product\/18438","targetHints":{"allow":["GET"]}}],"collection":[{"href":"https:\/\/server.idssoft.net\/idsdemo\/wp-json\/wp\/v2\/product"}],"about":[{"href":"https:\/\/server.idssoft.net\/idsdemo\/wp-json\/wp\/v2\/types\/product"}],"replies":[{"embeddable":true,"href":"https:\/\/server.idssoft.net\/idsdemo\/wp-json\/wp\/v2\/comments?post=18438"}],"wp:featuredmedia":[{"embeddable":true,"href":"https:\/\/server.idssoft.net\/idsdemo\/wp-json\/wp\/v2\/media\/18437"}],"wp:attachment":[{"href":"https:\/\/server.idssoft.net\/idsdemo\/wp-json\/wp\/v2\/media?parent=18438"}],"wp:term":[{"taxonomy":"product_cat","embeddable":true,"href":"https:\/\/server.idssoft.net\/idsdemo\/wp-json\/wp\/v2\/product_cat?post=18438"},{"taxonomy":"product_tag","embeddable":true,"href":"https:\/\/server.idssoft.net\/idsdemo\/wp-json\/wp\/v2\/product_tag?post=18438"}],"curies":[{"name":"wp","href":"https:\/\/api.w.org\/{rel}","templated":true}]}}