{"id":18649,"date":"2022-02-17T14:42:09","date_gmt":"2022-02-17T14:42:09","guid":{"rendered":"https:\/\/server.idssoft.net\/idsdemo\/producto\/funda-plastificar-a-6-125mi-111x154-pvp-100uds\/"},"modified":"2022-02-17T14:42:12","modified_gmt":"2022-02-17T14:42:12","slug":"funda-plastificar-a-6-125mi-111x154-pvp-100uds","status":"publish","type":"product","link":"https:\/\/server.idssoft.net\/idsdemo\/producto\/funda-plastificar-a-6-125mi-111x154-pvp-100uds\/","title":{"rendered":"FUNDA PLASTIFICAR A-6 125mi. 111&#215;154 (Pvp-100uds)"},"content":{"rendered":"<p>Fundas de plastificar Capture de 125 micras. M\u00e1xima calidad en el plastificado<br \/>\n&#8211; Ideal para documentos como notas informativas, men\u00fas, listados y documentos utilizados habitualmente<br \/>\n&#8211; Acabado en brillo, tama\u00f1o A6<br \/>\n&#8211; Pack de 100<br \/>\n&#8211; Compatible con todas las plastificadoras del mercado<\/p>\n","protected":false},"excerpt":{"rendered":"<p>Fundas de plastificar Capture de 125 micras. M\u00e1xima calidad en el plastificado &#8211; Ideal para documentos como notas informativas, men\u00fas, listados y documentos utilizados habitualmente &#8211; Acabado en brillo, tama\u00f1o A6 &#8211; Pack de 100 &#8211; Compatible con todas las plastificadoras del mercado<\/p>\n","protected":false},"featured_media":0,"comment_status":"open","ping_status":"closed","template":"","meta":[],"product_cat":[15],"product_tag":[],"class_list":["post-18649","product","type-product","status-publish","hentry","product_cat-sin-categorizar","thunk-woo-product-list","opn-qv-enable","top-store-woo-hover-","top-store-single-product-tab-horizontal","top-store-shadow-","top-store-shadow-hover-"],"_links":{"self":[{"href":"https:\/\/server.idssoft.net\/idsdemo\/wp-json\/wp\/v2\/product\/18649","targetHints":{"allow":["GET"]}}],"collection":[{"href":"https:\/\/server.idssoft.net\/idsdemo\/wp-json\/wp\/v2\/product"}],"about":[{"href":"https:\/\/server.idssoft.net\/idsdemo\/wp-json\/wp\/v2\/types\/product"}],"replies":[{"embeddable":true,"href":"https:\/\/server.idssoft.net\/idsdemo\/wp-json\/wp\/v2\/comments?post=18649"}],"wp:attachment":[{"href":"https:\/\/server.idssoft.net\/idsdemo\/wp-json\/wp\/v2\/media?parent=18649"}],"wp:term":[{"taxonomy":"product_cat","embeddable":true,"href":"https:\/\/server.idssoft.net\/idsdemo\/wp-json\/wp\/v2\/product_cat?post=18649"},{"taxonomy":"product_tag","embeddable":true,"href":"https:\/\/server.idssoft.net\/idsdemo\/wp-json\/wp\/v2\/product_tag?post=18649"}],"curies":[{"name":"wp","href":"https:\/\/api.w.org\/{rel}","templated":true}]}}