{"id":18659,"date":"2022-02-17T14:42:31","date_gmt":"2022-02-17T14:42:31","guid":{"rendered":"https:\/\/server.idssoft.net\/idsdemo\/producto\/espiral-metal-51-20mm-negro-blanco-160h-c-100u\/"},"modified":"2022-02-17T14:42:34","modified_gmt":"2022-02-17T14:42:34","slug":"espiral-metal-51-20mm-negro-blanco-160h-c-100u","status":"publish","type":"product","link":"https:\/\/server.idssoft.net\/idsdemo\/producto\/espiral-metal-51-20mm-negro-blanco-160h-c-100u\/","title":{"rendered":"ESPIRAL METAL 5:1 20mm Negro\/Blanco 160H c\/100u."},"content":{"rendered":"<p>La forma m\u00e1s habitual, c\u00f3moda y sencilla de encuadernar blocs o libretas es con espirales de metal. Permiten girar el documento completamente, hasta 360\u00ba, por lo que es m\u00e1s manejable a la hora de leer, revisar o estudiar. Gran variedad de colores para un acabado original; y de di\u00e1metros, para encuadernaciones de mayor o menor n\u00famero de p\u00e1ginas a un precio econ\u00f3mico. Paso est\u00e1ndar 5:1<\/p>\n","protected":false},"excerpt":{"rendered":"<p>La forma m\u00e1s habitual, c\u00f3moda y sencilla de encuadernar blocs o libretas es con espirales de metal. Permiten girar el documento completamente, hasta 360\u00ba, por lo que es m\u00e1s manejable a la hora de leer, revisar o estudiar. Gran variedad de colores para un acabado original; y de di\u00e1metros, para encuadernaciones de mayor o menor &hellip;<\/p>\n<p class=\"read-more\"> <a class=\" thunk-readmore button \" href=\"https:\/\/server.idssoft.net\/idsdemo\/producto\/espiral-metal-51-20mm-negro-blanco-160h-c-100u\/\"> <span class=\"screen-reader-text\">ESPIRAL METAL 5:1 20mm Negro\/Blanco 160H c\/100u.<\/span>Leer m\u00e1s<\/a><\/p>\n","protected":false},"featured_media":0,"comment_status":"open","ping_status":"closed","template":"","meta":[],"product_cat":[15],"product_tag":[],"class_list":["post-18659","product","type-product","status-publish","hentry","product_cat-sin-categorizar","thunk-woo-product-list","opn-qv-enable","top-store-woo-hover-","top-store-single-product-tab-horizontal","top-store-shadow-","top-store-shadow-hover-"],"_links":{"self":[{"href":"https:\/\/server.idssoft.net\/idsdemo\/wp-json\/wp\/v2\/product\/18659","targetHints":{"allow":["GET"]}}],"collection":[{"href":"https:\/\/server.idssoft.net\/idsdemo\/wp-json\/wp\/v2\/product"}],"about":[{"href":"https:\/\/server.idssoft.net\/idsdemo\/wp-json\/wp\/v2\/types\/product"}],"replies":[{"embeddable":true,"href":"https:\/\/server.idssoft.net\/idsdemo\/wp-json\/wp\/v2\/comments?post=18659"}],"wp:attachment":[{"href":"https:\/\/server.idssoft.net\/idsdemo\/wp-json\/wp\/v2\/media?parent=18659"}],"wp:term":[{"taxonomy":"product_cat","embeddable":true,"href":"https:\/\/server.idssoft.net\/idsdemo\/wp-json\/wp\/v2\/product_cat?post=18659"},{"taxonomy":"product_tag","embeddable":true,"href":"https:\/\/server.idssoft.net\/idsdemo\/wp-json\/wp\/v2\/product_tag?post=18659"}],"curies":[{"name":"wp","href":"https:\/\/api.w.org\/{rel}","templated":true}]}}